hat is 1 + 1000100110101?
1000100110110
In base 16, what is -520f - 5?
-5214
In base 16, what is -1 - -68?
67
In base 9, what is -4 - 36?
-41
In base 10, what is -5 + 181?
176
In base 4, what is 312 - 12232?
-11320
In base 7, what is -5452 - 4?
-5456
In base 10, what is -140 - 10?
-150
In base 14, what is 66 + -38?
2c
In base 16, what is 1 - -d?
e
In base 10, what is 3781 - 0?
3781
In base 2, what is 1010 - 0?
1010
In base 4, what is -10003 - -3?
-10000
In base 14, what is 16 + -17?
-1
In base 8, what is -377 + -3?
-402
In base 2, what is 10000 + 10?
10010
In base 15, what is -2 - -64?
62
In base 4, what is -21233110 - 0?
-21233110
In base 12, what is -5 + b87?
b82
In base 6, what is -202 + -20?
-222
In base 12, what is 5 - b?
-6
In base 9, what is -1611 - -5?
-1605
In base 4, what is 2213332 + 10?
2220002
In base 8, what is 13026 + 0?
13026
In base 11, what is -32 - 21?
-53
In base 6, what is -51 + -43?
-134
In base 13, what is -350c - -5?
-3507
In base 10, what is -305 + -5?
-310
In base 5, what is -1041 - 33?
-1124
In base 10, what is 4 - -418?
422
In base 6, what is 5 + -514?
-505
In base 11, what is 5 + 58?
62
In base 5, what is 44 + -1?
43
In base 4, what is -220320 + 1?
-220313
In base 9, what is -4 + -15?
-20
In base 4, what is -30122 - -11?
-30111
In base 11, what is 36 - 15?
21
In base 16, what is -2 - 60?
-62
In base 16, what is 4 + -9?
-5
In base 2, what is -100101 - 10?
-100111
In base 7, what is 12452 + 5?
12460
In base 11, what is 3a85 - -1?
3a86
In base 10, what is 3 + -26?
-23
In base 15, what is -7d - 0?
-7d
In base 3, what is -11 + -1211?
-1222
In base 6, what is 215513 - 5?
215504
In base 6, what is 1114 + 11?
1125
In base 6, what is 44 + 13?
101
In base 4, what is 22 + 103233?
103321
In base 2, what is 100 + -100010?
-11110
In base 9, what is 6 - -12?
18
In base 10, what is 53 - 38?
15
In base 7, what is 5 - 22252?
-22244
In base 4, what is -220 + 0?
-220
In base 12, what is 1 + -a9?
-a8
In base 4, what is -11013 + 2?
-11011
In base 2, what is -100100 + 10101111?
10001011
In base 11, what is 7 - 31?
-25
In base 7, what is 0 + -204?
-204
In base 10, what is 2 + 601?
603
In base 11, what is -4 - -711?
708
In base 2, what is 1010 + 1011?
10101
In base 5, what is -4 + 11?
2
In base 8, what is 1 - 4?
-3
In base 11, what is 0 - -1353?
1353
In base 7, what is 25062 + -6?
25053
In base 14, what is -63 + 0?
-63
In base 15, what is 1ce + 1?
1d0
In base 11, what is 4 + 46?
4a
In base 6, what is 5 + -100?
-51
In base 13, what is 1 + -177?
-176
In base 5, what is 12 - -404?
421
In base 9, what is 2812 + 1?
2813
In base 5, what is 1044 - -1?
1100
In base 14, what is -1 - 79b?
-79c
In base 4, what is -223 - 10?
-233
In base 15, what is -6 + 85a?
854
In base 9, what is -2 - -12?
10
In base 13, what is 355 + -8?
34a
In base 10, what is 2493 + 5?
2498
In base 14, what is -2 + -2?
-4
In base 4, what is -23231 - -3?
-23222
In base 8, what is -1 + -30?
-31
In base 10, what is 26 + -3?
23
In base 9, what is -1152 - 1?
-1153
In base 14, what is -5 + 96c?
967
In base 13, what is 2 - 2a?
-28
In base 10, what is -40 + -13?
-53
In base 7, what is -102523 + 3?
-102520
In base 13, what is -86a0 - -3?
-869a
In base 2, what is 10000110 - -11?
10001001
In base 7, what is -5543 + 2?
-5541
In base 10, what is -6 + -51?
-57
In base 2, what is 10110 - 1111?
111
In base 7, what is 3 + 613?
616
In base 14, what is -7ca - -4?
-7c6
In base 11, what is 2 - 162?
-160
In base 14, what is -8 + 5?
-3
In base 12, what is 557 - 4?
553
In base 13, what is 35c6 + -4?
35c2
In base 15, what is -9 + 1b0?
1a6
In base 8, what is 60 + 32?
112
In base 16, what is 2020 + 1?
2021
In base 10, what is 12 - -518?
530
In base 4, what is 10 - 101?
-31
In base 13, what is 2 + 27?
29
In base 10, what is -8 + 813?
805
In base 4, what is 13021 - 2?
13013
In base 4, what is 101 + -322?
-221
In base 6, what is -102 - 11?
-113
In base 7, what is 131 + -3?
125
In base 16, what is -6f + -37?
-a6
In base 15, what is -274 - -5?
-26e
In base 3, what is -1 - 10210?
-10211
In base 6, what is -40002 - 3?
-40005
In base 3, what is -1 + -101?
-102
In base 5, what is -3222 + -4?
-3231
In base 7, what is 0 - 551?
-551
In base 2, what is -10111110 - 1000?
-11000110
In base 7, what is -214 + -5?
-222
In base 15, what is -34 + -4?
-38
In base 12, what is -3 + 267?
264
In base 9, what is 188 - -53?
252
In base 12, what is 2 + 178?
17a
In base 16, what is -18f - 1?
-190
In base 12, what is 3 - 1b?
-18
In base 14, what is -1c - -3?
-19
In base 15, what is -bb + -6?
-c2
In base 14, what is -17 - -5?
-12
In base 7, what is -5 - -2620?
2612
In base 4, what is -12023 - 102?
-12131
In base 10, what is 3086 + 1?
3087
In base 8, what is -3151 - 4?
-3155
In base 7, what is -2 - -14?
12
In base 8, what is 3435 + 4?
3441
In base 11, what is -442 + 13?
-42a
In base 8, what is 5 - -102?
107
In base 7, what is 1 - 136?
-135
In base 10, what is -1617 + -6?
-1623
In base 16, what is -5 - 10e?
-113
In base 14, what is -43 - -36?
-b
In base 4, what is -113100 + 11?
-113023
In base 8, what is 225 - -5?
232
In base 13, what is 31 - 6?
28
In base 6, what is 11313 - -4?
11321
In base 14, what is -260 - 0?
-260
In base 14, what is 205 + -1?
204
In base 3, what is 10202002 + -2?
10202000
In base 7, what is -30 + -11?
-41
In base 11, what is 1 + -2a?
-29
In base 16, what is 53b - 1?
53a
In base 5, what is 3324 + 4?
3333
In base 7, what is -4 + -1405?
-1412
In base 11, what is -152 + 0?
-152
In base 4, what is -130 + 100?
-30
In base 7, what is 2263 - -14?
2310
In base 13, what is 4 + -7?
-3
In base 10, what is -20 + -1?
-21
In base 11, what is 6 - a0a?
-a04
In base 6, what is -55 + 2?
-53
In base 7, what is 1 + 2150?
2151
In base 16, what is -50f - -2?
-50d
In base 4, what is -3 + 211232?
211223
In base 8, what is 7 + -50?
-41
In base 12, what is -5 + -87?
-90
In base 13, what is 3 + -1030?
-102a
In base 16, what is 5 - -39?
3e
In base 15, what is -5 - 52c?
-532
In base 12, what is -1a5 + 10?
-195
In base 4, what is -10 + 10?
0
In base 5, what is -120133 - -10?
-120123
In base 14, what is 711 + 1?
712
In base 5, what is 24204 + 2?
24211
In base 6, what is 42 + 440?
522
In base 5, what is -1 - -102?
101
In base 11, what is 2 - -1a55?
1a57
In base 8, what is 0 + -131?
-131
In base 2, what is 101 + -11011?
-10110
In base 12, what is -50 - 2?
-52
In base 2, what is -11 - 1001000?
-1001011
In base 6, what is -22 - 0?
-22
In base 3, what is 111222 - 10?
111212
In base 8, what is 10 - 12?
-2
In base 6, what is -30 + -414?
-444
In base 13, what is 5c3 + 5?
5c8
In base 4, what is 33 - -2?
101
In base 6, what is -1541 - 10?
-1551
In base 4, what is -1 - -1322?
1321
In base 14, what is 20d - 63?
18a
In base 10, what is -28 - 377?
-405
In base 8, what is 15 - 4?
11
In base 14, what is 3595 + 4?
3599
In base 6, what is 5 + -13404?
-13355
In base 16, what is 420 - -5?
425
In base 9, what is -128 - 85?
-224
In base 13, what is 5 + -64?
-5c
In base 5, what is -12 + -22141?
-22203
In base 8, what is -46 - 62?
-130
In base 3, what is 2110 + -22000?
-12120
In base 11, what is -8 + -25?
-32
In base 5, what is -2 - 34?
-41
In base 11, what is -1982 - 1?
-1983
In base 10, what is 5 - -7208?
7213
In base 5, what is 13 - 10?
3
In base 4, what is 11 - -2203?
2220
In base 9, what is -4 + 1242?
1237
In base 4, what is 1031 + -12?
1013
In base 6, what is -1424 + 2?
-1422
In base 16, what is 2 + -1?
1
In base 4, what is -1332 + 13?
-1313
In base 14, what is -11 + 7?
-8
In base 9, what is -81 + -22?
-113
In base 10, what is 2 - -490?
492
In base 7, what is -2 + 6?
4
In base 2, what is -1 + -1001111?
-1010000
In base 16, what is -1 + 49?
48
In base 2, what is 10010 - 10011?
-1
In base 15, what is -12 + 0?
-12
In base 4, what is 22100 + -101?
21333
In base 14, what is b2 - 4?
ac
In base 13, what is -3 - 1a8?
-1ab
In base 14, what is 0 + 2b?
2b
In base 14, what is 2 + -17?
-15
In base 16, what is -5 - -129c?
1297
In base 13, what is 27 + -3?
24
In base 3, what is 1000 + -22010?
-21010
In base 15, what is -108 + 0?
-108
In base 6, what is -12 - 232?
-244
In base 16, what is 85 + 5?
8a
In base 7, what is 2606 - 3?
2603
In base 9, what is -144 - 15?
-160
In base 13, what is -2 + 1599?
1597
In base 11, what is 436 - -1?
437
In base 10, what is 102 - 90?
12
In base